.
-3
Let p be (-2 + 5 + -3)/(-2). Suppose p = -2*g - 2*g - 24. Let z(u) = -u**3 - 7*u**2 - 6*u + 6. What is z(g)?
6
Let y(g) = g. Let x(n) = n**2 - 1. Let k(z) = 5*z**2 + 2*z - 3. Let q(s) = -k(s) + 6*x(s). Let w be q(3). Let f = 5 + w. Give y(f).
5
Let j(n) be the second derivative of n**4/12 - n. Suppose 4*x = -g + 9, -3*g + x + 5 = 2*x. Give j(g).
1
Let i(h) be the third derivative of h**5/60 + h**4/8 - h**3/2 + 14*h**2. Determine i(-4).
1
Let v(u) = -5*u - 1. Let n be (9/(-2) + 2)*6. Let c = -11 - n. Let y = c - 6. Calculate v(y).
9
Let l(c) = -c**2 - 10*c + 1. Let t(f) = -4*f**2 - 41*f + 5. Let u(a) = 9*l(a) - 2*t(a). Let o = -8 - -2. Give u(o).
11
Let l = -7 - -12. Let c(w) = w - 1. Determine c(l).
4
Suppose 6*o + 17 = 53. Let y(w) be the second derivative of -w**3/6 + w. What is y(o)?
-6
Let d(q) = -q**3 + 5*q**2 - 4*q - 4. Let o(u) = -u**2 - 8*u - 1. Let c be o(-6). Let z = c - 7. Determine d(z).
-4
Let z = 18 + -15. Let f(p) = -3*p**3 + 4*p**2. Let d(j) = j**3 - 1. Let b(y) = 2*d(y) + f(y). Calculate b(z).
7
Let u(l) = 11*l**2 - 1. Let d be (-2 - -6)/((-2)/(-1)). Suppose -d*c = 3*w - 3*c + 1, -c + 2 = -4*w. Calculate u(w).
10
Let t be (75/(-45))/(5/(-3)). Let p(z) = 7*z - 1. Give p(t).
6
Let v(w) = 4*w - 3. Let q(h) = -2*h + h + 0*h. Let r(o) = -2*q(o) - v(o). Determine r(-5).
13
Let s(f) = 2*f - f**2 - 2*f**2 + 2*f**2 - 1 - f. What is s(0)?
-1
Let u(l) = l + 6. Let k(n) = n**2 - 10*n - 6. Let p be k(11). What is u(p)?
11
Let h(j) be the first derivative of -j**2 + 3*j - 8. What is h(2)?
-1
Let k(s) = -3*s + 13. Let a(v) = -v + 6. Let c(f) = -9*a(f) + 4*k(f). Calculate c(4).
-14
Let p(q) = -q**3 + 3*q**2 + 2*q. Suppose -4 = -4*i - 12. Let v = 4 + i. Let f be v*(15/6 - 1). Give p(f).
6
Let d(u) be the third derivative of -u**4/8 + 2*u**3/3 - 15*u**2. Calculate d(5).
-11
Let j = 2 + 0. Suppose -8 = q + 3*d, 0*d = 5*q + 2*d + 27. Let f(x) = -x**2 - 2*x + 1. Let h(w) = -3*w**2 - 4*w + 2. Let y(r) = j*h(r) + q*f(r). Give y(1).
0
Let q(w) = -w**2 + 2*w**2 - 2*w**2 - 2 + 3*w. Suppose -2*f + 8*f = 12. Give q(f).
0
Let k(y) be the first derivative of y**5/20 + 5*y**4/12 - 7*y**3/6 - 9*y**2/2 - 2*y + 3. Let a(h) be the first derivative of k(h). Determine a(-6).
-3
Let l(u) = -7*u**3 + 6*u**2 - 2*u + 1. Let p(h) = 15*h**3 - 13*h**2 + 5*h - 2. Let q(y) = 9*l(y) + 4*p(y). Determine q(-1).
4
Let k be (1 + 9/6)*-2. Let h = 0 + -3. Let u = k - h. Let y(b) = b**3 + 4*b**2 + 3*b + 2. Give y(u).
4
Let u(m) = -3*m**2 - 5*m - 4. Let f be ((-11)/(-10) + 14/35)*-2. Determine u(f).
-16
Let m(v) = v - 4 - 2 + 4. Let q(n) = -n**2 + 7*n - 2. Let g be q(6). Determine m(g).
2
Let f(g) = 3*g**2 - 22*g - 1. Let w(x) = -2*x**2 + 15*x + 1. Let k(v) = -5*f(v) - 7*w(v). Let r be k(4). Let t(b) = -2 - 2*b - 2*b + r*b. Give t(-5).
8
Suppose -2*d = -3*d. Suppose 0 = -a - 5, -v - a - 5 = -d*v. Let p(z) = v*z - z + 0*z + z**3 + 1. What is p(-2)?
-5
Let u(g) = -g**3 - 7*g**2 - 6*g + 1. Let t(s) = 7*s + 1. Let q be t(-1). Let h be u(q). Let j(k) = -7*k - 7 + h - 2*k**2 + k**2. Give j(-4).
6
Let l(b) be the first derivative of -2*b**2 - 1 - 2*b - 4/3*b**3 - 1/4*b**4. What is l(-3)?
1
Let a(q) = 4*q**3 + 5*q - 2. Let u(y) = -14*y - 6*y**3 - 7*y**3 - y**2 + 0*y + 2*y**3 + 5. Let f(o) = 8*a(o) + 3*u(o). What is f(-3)?
5
Let a(l) = -l**3 + 6*l**2 - 5*l + 6. Let q = -9 + 11. Suppose -6*x + 24 = -q*x. Let h be 30/(-9)*x/(-4). Calculate a(h).
6
Suppose -r = -5*t - 2, -4*r + 7*r = -5*t + 6. Suppose t = 3*o + 2*o + 20. Let i = -8 - o. Let j(a) = 2*a + 6. Determine j(i).
-2
Let a be (-15)/20 - (-6)/8. Let b(y) = 3*y**2 + 4*y**3 - 3*y**3 - 5 - y - 4*y**2. Determine b(a).
-5
Let a(f) = 2*f**2 - 5 + 4 - 2 + f**3 - 6*f. Give a(-4).
-11
Let m(i) be the second derivative of -i**4/12 - i**3 + 3*i**2 - 33*i. Give m(-6).
6
Let y(w) = 2*w + 10. Let n be y(7). Let x be 8/(-20) + n/10. Let m(j) = -2*j**2 + 2*j - 2. What is m(x)?
-6
Let b(k) = 0*k**3 + 3*k**2 + k**3 - 10*k + 5*k. Calculate b(-4).
4
Let b(q) = -6*q - 18. Let o be b(-4). Let p(y) = -y + 5. Calculate p(o).
-1
Suppose -3 = -r, -l + 9 = 2*r + 2*r. Let k(p) = -p - 1. What is k(l)?
2
Let i(r) = 7 + 5*r + 0 - 4 + 3. Calculate i(-4).
-14
Let a(q) = q**3 - 8*q**2 + 6*q + 3. Let y = 27 - 20. Determine a(y).
-4
Let h(p) be the first derivative of -p**4/4 + 5*p**3/3 - p**2 - 4*p + 9. What is h(3)?
8
Let n = -16 + 12. Let a(c) = 5*c + 0 + 2*c**2 - 1 - 1. Calculate a(n).
10
Let s(r) be the second derivative of r**3/6 - r**2/2 - r. Let h be 24/28*(2 - 9). Let z be (h/8 + 2)*-4. Give s(z).
-6
Let r(x) = -5*x - 6. Let z(s) = 21*s + 23. Let u(g) = 9*r(g) + 2*z(g). Let m(p) = 5*p**3 - 3*p - 4. Let b be m(-1). Calculate u(b).
10
Let f(h) be the second derivative of 3*h**5/10 + 2*h. Let w = 35 + -34. Give f(w).
6
Let o = -108 + 104. Let v(x) = x**3 + 5*x**2 + 3*x - 5. Give v(o).
-1
Let o(h) = h**2 + 6*h + 4. Let f be (4/(-2))/4*-2. Suppose -5*s - 19 = f. What is o(s)?
-4
Suppose -2*n = n - 9. Let g(t) = 0*t + n*t - 2*t + 2. Calculate g(-3).
-1
Let w(x) = 3*x**3 - x**2 - 8*x + 5. Let z(r) = -5*r**3 + 3*r**2 + 15*r - 9. Let m = 11 - 15. Let n(k) = m*z(k) - 7*w(k). What is n(-3)?
-5
Suppose 3*i + 21 = -4*i. Let p(g) be the third derivative of -g**4/6 - g**3/2 + g**2. Calculate p(i).
9
Let r(z) = -z - 5. Let m be r(-9). Let h be 2*((-3)/2 + 0). Let b be h + (m/2 - 3). Let g(y) = y**3 + 3*y**2 - 2*y. Give g(b).
-8
Let q(c) = -c - 8. Suppose 0 = 5*u - 19 + 54. Determine q(u).
-1
Suppose -6*b + 3*b - 12 = 0. Let u = b - -6. Let d(k) = 2*k - 5 + 4 - u. Determine d(4).
5
Let k(c) = -4*c. Let m be 1/(-2)*(-3 + 7). Let l(y) = y. Let i(p) = m*k(p) - 11*l(p). What is i(-2)?
6
Let x(k) be the second derivative of -k**5/20 + k**4/4 + 2*k**3/3 - k**2 - 11*k - 1. What is x(5)?
-32
Let o(w) = w**3 - 6*w**2 + 6*w - 3. Suppose -38 = 5*f - 158. Suppose -1 = -5*x + f. What is o(x)?
2
Let z(n) = -14*n**3 + 3 - n**2 + 15*n**3 + 2*n + 2*n**2. Let a = -8 - -6. Determine z(a).
-5
Suppose 0 = 2*j - 4 + 10. Let u = -8 - j. Let b(w) = -3 - 2*w - 2 + 6 + w. Calculate b(u).
6
Suppose -2*w + w = -2. Let y(c) = -4*c**w + 12 - 12. Give y(-1).
-4
Let a(f) = 7*f - 2*f - 3*f + 3. What is a(-2)?
-1
Let r = -6 - -8. Let f be r/(-7) - 430/(-35). Let h be (f/18)/((-1)/3). Let j(n) = -3*n + 1. What is j(h)?
7
Let n(b) = -7*b - 11*b**2 - 2*b + 7 + 12*b**2. What is n(6)?
-11
Let j(f) = 70*f - 138*f - 4*f**2 + 70*f. Determine j(2).
-12
Let c(n) = n**2 - n + 2. Suppose 3*m - m - 1 = g, -m - 2 = -3*g. Let j be (-2)/6 - m/(-3). Suppose -a - 2 = -3*t, -5*t - 5*a + a - 8 = j. Calculate c(t).
2
Let q(t) be the first derivative of t**4/12 + t**3 + 2*t**2 + 2. Let k(r) be the second derivative of q(r). Give k(-6).
-6
Let g(h) = -2*h + 3*h + 2 - h**2 - 5 + 5. Let n = -8 + 11. Calculate g(n).
-4
Let s(g) = 4*g - 4. Let k(d) = -d - 1. Let m(n) = -5*k(n) - s(n). Let y(u) = u**3 + 4*u**2 + u - 2. Let o be y(-3). Let c = 4 - o. Determine m(c).
9
Let t(o) = -o**3 - 10*o**2 - 9*o + 2. Let y be t(-9). Suppose -y*z - z - 6 = 0. Let m(s) = -4*s - 2. Calculate m(z).
6
Let h(i) be the second derivative of i**4/12 - i**3/2 - i**2/2 + 14*i. Suppose 0*g - g - q + 5 = 0, 4*g - 5*q = -7. Give h(g).
-3
Let l(t) = -t**3 - 4*t**2 + 3*t - 1. Suppose -3*o = -2*z + 2, o - z + 2 - 3 = 0. Give l(o).
-13
Suppose r - 5 = -4. Let o(b) = b + 1. Let v(f) = 2*f + 4. Let h(x) = 3*o(x) - v(x). What is h(r)?
0
Let w(x) = 0*x - x**3 - x + 7*x**2 + 7 + 0*x**3. What is w(7)?
0
Let q = 11 - 10. Let t(l) = l - 1. What is t(q)?
0
Let a(n) = 4*n**2 - 10*n + 7*n + n**3 + 3 - 5*n**2. Calculate a(2).
1
Suppose -5 = 6*y - 29. Let j(m) = 3*m**2 - 4*m - 2. Calculate j(y).
30
Suppose 3*v + 2 + 1 = 0. Let y be -2*(v + (-20)/(-8)). Let a(g) = -g**2 - 3*g - 1. Give a(y).
-1
Let f(u) be the first derivative of u**2/2 - 9*u + 9. What is f(7)?
-2
Let m = -43 + 61. Suppose -5*f + m + 2 = 0. Let r(n) = -2*n. Calculate r(f).
-8
Let m(s) be the second derivative of s**4/24 - s**3 - 3*s**2/2 + 3*s. Let v(l) be the first derivative of m(l). What is v(5)?
-1
Let w(t) = t**2 - 12*t + 2. Let h be w(12). Let o(x) = 0 - 5*x + 4*x + h - x. Determine o(-4).
10
Let f(x) = -x**2 + 6*x - 6. Let p be f(5). Let q be (-160)/(-28) + 4/14. Let g be p/(q/(-5) + 1). Let z(r) = 2*r - 6. Give z(g).
4
Suppose 0 = v - 2*v + 2. Suppose 2*o - 2*y - v = 0, 4*o + y + 0*y = 4. Let l(n) =